{"id":192,"date":"2014-04-17T11:36:15","date_gmt":"2014-04-17T09:36:15","guid":{"rendered":"http:\/\/www.twupack.it\/?page_id=192"},"modified":"2017-08-29T15:07:37","modified_gmt":"2017-08-29T13:07:37","slug":"cloudspeicher","status":"publish","type":"page","link":"http:\/\/www.twupack.it\/?page_id=192","title":{"rendered":"Cloud Speicher"},"content":{"rendered":"<hr \/>\n<h4><span style=\"color: #ff9900;\"><strong>Betreiben Sie Ihren eigenen Cloudspeicher!<br \/>\n<\/strong><\/span><span style=\"color: #ff9900;\">Gehen Sie mit der Technik und sprechen Sie mit uns \u00fcber Ihre eigene &#8222;Wolke&#8220; (engl. cloud).<\/span><\/h4>\n<hr \/>\n<h4><span style=\"color: #ffff00;\"><strong>F\u00fcr Unternehmen<\/strong><\/span><\/h4>\n<p>Teilen Sie Dateien mit nur einem Klick mit Ihren Mitarbeitern.<br \/>\nDurch ein ausgekl\u00fcgelte System erh\u00e4lt jeder Nutzer\/Mitarbeiter nur Zugriff auf die relevanten Daten.<br \/>\nDie Sicherheit Ihrer Daten wird durch das AES-Verfahren mit einem 256-Bit Schl\u00fcssel garantiert.<\/p>\n<h4><span style=\"color: #ffff00;\"><strong>Das mobile B\u00fcro<\/strong><\/span><\/h4>\n<p>Egal ob am Arbeitsplatz, zu Hause oder Unterwegs; mit der Cloud haben Sie Ihre Daten immer dabei.<br \/>\nDie Kontaktdatenbank und der Kalender runden das Gesamtbild des mobilen B\u00fcros vollkommen ab.<\/p>\n<h4><span style=\"color: #ffff00;\"><strong>Private Nutzung<\/strong><\/span><\/h4>\n<p>Vom integrierten Kalender \u00fcber das Adressbuch bietet ihnen Ihre Cloud noch viele weitere M\u00f6glichkeiten. Urlaubsbilder sofort hochladen und mit nur einem Klick teilen. Dateien sicher ablegen und gemeinsam nutzen und vieles mehr.<\/p>\n<hr \/>\n<p><span style=\"color: #ff9900;\">Tauchen Sie ein in die &#8222;Welt der Wolken&#8220; und lassen Sie sich selbst von der Vielzahl der M\u00f6glichkeiten \u00fcberraschen.<br \/>\n<\/span><br \/>\n<span style=\"color: #ff9900;\"> <strong>Wir bieten Ihnen f\u00fcr zwei Wochen ein kostenloses Testpaket an!<\/strong><\/span><\/p>\n","protected":false},"excerpt":{"rendered":"<p>Betreiben Sie Ihren eigenen Cloudspeicher! Gehen Sie mit der Technik und sprechen Sie mit uns \u00fcber Ihre eigene &#8222;Wolke&#8220; (engl. cloud). F\u00fcr Unternehmen Teilen Sie Dateien mit nur einem Klick mit Ihren Mitarbeitern. Durch ein ausgekl\u00fcgelte System erh\u00e4lt jeder Nutzer\/Mitarbeiter [&hellip;]<\/p>\n","protected":false},"author":1,"featured_media":0,"parent":30,"menu_order":0,"comment_status":"closed","ping_status":"closed","template":"","meta":{"footnotes":""},"class_list":["post-192","page","type-page","status-publish","hentry"],"_links":{"self":[{"href":"http:\/\/www.twupack.it\/index.php?rest_route=\/wp\/v2\/pages\/192","targetHints":{"allow":["GET"]}}],"collection":[{"href":"http:\/\/www.twupack.it\/index.php?rest_route=\/wp\/v2\/pages"}],"about":[{"href":"http:\/\/www.twupack.it\/index.php?rest_route=\/wp\/v2\/types\/page"}],"author":[{"embeddable":true,"href":"http:\/\/www.twupack.it\/index.php?rest_route=\/wp\/v2\/users\/1"}],"replies":[{"embeddable":true,"href":"http:\/\/www.twupack.it\/index.php?rest_route=%2Fwp%2Fv2%2Fcomments&post=192"}],"version-history":[{"count":14,"href":"http:\/\/www.twupack.it\/index.php?rest_route=\/wp\/v2\/pages\/192\/revisions"}],"predecessor-version":[{"id":385,"href":"http:\/\/www.twupack.it\/index.php?rest_route=\/wp\/v2\/pages\/192\/revisions\/385"}],"up":[{"embeddable":true,"href":"http:\/\/www.twupack.it\/index.php?rest_route=\/wp\/v2\/pages\/30"}],"wp:attachment":[{"href":"http:\/\/www.twupack.it\/index.php?rest_route=%2Fwp%2Fv2%2Fmedia&parent=192"}],"curies":[{"name":"wp","href":"https:\/\/api.w.org\/{rel}","templated":true}]}}